omposite number?
False
Is 27109909093 prime?
True
Is 87390169 prime?
True
Is 758846523 composite?
True
Is 49026533 a composite number?
False
Is 4788165359 prime?
True
Is 9623789993 composite?
False
Is 60131551 a prime number?
True
Is 12975003241 a composite number?
False
Is 1006433521 a prime number?
True
Is 3353689403 prime?
False
Is 317821891 prime?
True
Is 227856643565 prime?
False
Is 91268942453 prime?
False
Is 1528576013 a prime number?
True
Is 354684829 a prime number?
True
Is 647327839 a prime number?
False
Is 13745347729 a prime number?
False
Is 10339400179 a prime number?
True
Is 97537883873 a composite number?
False
Is 30117561803 composite?
True
Is 24492256231 composite?
True
Is 3781031117 prime?
False
Is 1274174411 a prime number?
True
Is 2047893269 composite?
False
Is 1450669511 a composite number?
False
Is 6074056817 prime?
False
Is 1735193881 prime?
False
Is 11399718929 a prime number?
True
Is 177729009 prime?
False
Is 557998015 a composite number?
True
Is 13450124615 a prime number?
False
Is 14485115017 a prime number?
True
Is 12148156799 composite?
True
Is 2168521241 a prime number?
False
Is 1108951841 a prime number?
True
Is 4402763947 a prime number?
True
Is 17081518477 a prime number?
False
Is 4256233867 prime?
False
Is 14185446589 a composite number?
True
Is 100826321 a composite number?
False
Is 763641381 composite?
True
Is 84253528967 prime?
True
Is 37003732859 a composite number?
False
Is 31756025153 composite?
True
Is 11007551041 a composite number?
False
Is 3301249871 a prime number?
True
Is 4428540707 composite?
True
Is 21978724961 prime?
True
Is 53054627281 a composite number?
True
Is 129794733977 a composite number?
True
Is 508377881 composite?
True
Is 1026475313 a composite number?
False
Is 55164692251 a composite number?
True
Is 13514665147 composite?
False
Is 13491814403 a prime number?
False
Is 29702629597 a prime number?
False
Is 89066527073 composite?
True
Is 182797150583 a composite number?
False
Is 39259861 prime?
False
Is 2421692171 composite?
False
Is 33821945753 a composite number?
True
Is 8653141957 a composite number?
True
Is 504600311 prime?
True
Is 536402058637 prime?
True
Is 271827341 a composite number?
False
Is 27154787717 composite?
False
Is 1402387039 prime?
False
Is 343170911 prime?
True
Is 264609031 a composite number?
True
Is 69810860129 a prime number?
True
Is 653177887 prime?
True
Is 10550272514 a composite number?
True
Is 7700400371 a prime number?
True
Is 39257080001 composite?
True
Is 810291151 a composite number?
True
Is 3862424899 a composite number?
True
Is 482847629 a prime number?
False
Is 870150269 composite?
True
Is 12415967597 composite?
True
Is 36849691306 a composite number?
True
Is 3459885319 composite?
True
Is 1112370163 composite?
True
Is 19916009521 a composite number?
True
Is 14823501215 a composite number?
True
Is 82151445245 a composite number?
True
Is 502757041 a prime number?
True
Is 576812749 prime?
True
Is 489205201 composite?
True
Is 113372433334 composite?
True
Is 2155401533 a composite number?
False
Is 18489050441 a prime number?
True
Is 784202747 a composite number?
False
Is 76491827 a composite number?
False
Is 226222079 composite?
False
Is 1067994409 composite?
True
Is 4839293363 a prime number?
True
Is 709822409 prime?
True
Is 4068669763 prime?
False
Is 2895684791 composite?
True
Is 479180783 prime?
True
Is 15142370195 prime?
False
Is 8530986977 prime?
True
Is 7930062643 a composite number?
False
Is 2453900789 a prime number?
True
Is 9093566527 composite?
False
Is 273031063 a composite number?
True
Is 105744639551 a prime number?
True
Is 326111129 prime?
True
Is 19013847221 composite?
True
Is 4338886913 composite?
True
Is 420903851 a composite number?
True
Is 12090371203 a prime number?
True
Is 10705709783 a prime number?
True
Is 597530657 composite?
False
Is 24498629 a prime number?
False
Is 12217842269 composite?
False
Is 27970045681 a prime number?
True
Is 701734591 a prime number?
True
Is 8994560041 composite?
True
Is 127340053 prime?
True
Is 141240431 a composite number?
True
Is 80266881323 a prime number?
True
Is 65373853 composite?
False
Is 17937697 composite?
False
Is 23941037929 a prime number?
False
Is 218115499289 composite?
False
Is 1088821523 a prime number?
False
Is 54322035109 prime?
True
Is 2242065239 composite?
True
Is 11776547305 a composite number?
True
Is 2117429243 a composite number?
True
Is 438250199 a prime number?
True
Is 63142706919 a prime number?
False
Is 212363017 composite?
True
Is 59893185187 a composite number?
True
Is 11628177177 composite?
True
Is 51541801397 composite?
True
Is 1190613481 a prime number?
False
Is 628800323 composite?
True
Is 738079597 prime?
True
Is 3221569907 a composite number?
True
Is 6138257747 composite?
False
Is 210518657 a prime number?
True
Is 96194482061 a prime number?
True
Is 144547789 a prime number?
False
Is 8195801113 a composite number?
True
Is 61440581 a prime number?
True
Is 631222819 a composite number?
True
Is 918874883 a composite number?
False
Is 6027227963 a prime number?
False
Is 160915799 a prime number?
False
Is 251579023 composite?
True
Is 689357167 a composite number?
True
Is 54122293579 prime?
True
Is 2072124794 a composite number?
True
Is 64639428373 a prime number?
False
Is 1850993077 composite?
False
Is 77298719 a prime number?
False
Is 11130028739 prime?
False
Is 11040563731 prime?
True
Is 4953547603 composite?
False
Is 2422053239 a prime number?
True
Is 27869435533 a prime number?
False
Is 9302630417 a composite number?
True
Is 790328729 prime?
True
Is 7005331523 composite?
False
Is 452812957 a composite number?
False
Is 9253370297 composite?
False
Is 6245484799 a prime number?
False
Is 26075982827 a prime number?
False
Is 4215587 a prime number?
False
Is 21045735593 a prime number?
True
Is 931565689 composite?
True
Is 31785433 composite?
True
Is 1765392599 a composite number?
True
Is 19527327959 a prime number?
True
Is 38771434255 composite?
True
Is 47972837827 composite?
False
Is 669843929 a composite number?
True
Is 254918429 composite?
False
Is 4097701957 composite?
True
Is 1229206723 a prime number?
False
Is 356571377 a composite number?
False
Is 3989116217 a prime number?
True
Is 12581224949 a composite number?
False
Is 5341780033 composite?
True
Is 1748362529 composite?
True
Is 2697182629 prime?
True
Is 4498278583 prime?
False
Is 4173080533 prime?
False
Is 1692220801 prime?
True
Is 111792691921 prime?
True
Is 83813829919 composite?
True
Is 3157759873 a prime number?
True
Is 334908397 a prime number?
False
Is 6310477159 prime?
False
Is 70374797743 a prime number?
True
Is 18955644229 composite?
False
Is 2774358659 composite?
False
Is 876898585 a composite number?
True
Is 864857489 a prime number?
True
Is 421438441 a prime number?
False
Is 171529411 a composite number?
True
Is 8973956627 a prime number?
False
Is 2654125127 a composite number?
False
Is 64245567959 prime?
True
Is 886456079 a prime number?
False
Is 34375362689 prime?
True
Is 101535647 prime?
True
Is 842902327 a composite number?
True
Is 6853428833 a composite number?
True
Is 45811331031 a prime number?
False
Is 2176223383 a composite number?
True
Is 19981649 a composite number?
False
Is 48561298199 a composite number?
True
Is 5063684497 a composite number?
False
Is 8352632471 a composite number?
False
Is 150191972627 a prime number?
False
Is 41231852113 prime?
False
Is 11330731327 a prime number?
False
Is 5656659637 a composite number?
False
Is 121982036503 a prime number?
False
Is 5583591799 prime?
True
Is 40434634451 a prime number?
True
Is 375964583711 prime?
False
Is 5456970119 a prime number?
False
Is 23500448561 composite?
False
Is 4632955827 composite?
True
Is 2280515339 composite?
False
Is 1690791191 a composite number?
False
Is 60944627 composite?
False
Is 5965773857 a composite number?
False
Is 4638275293 composite?
True
Is 44409908791 prime?
True
Is 41461514099 a prime number?
True
Is 654900553 prime?
True
Is 46077751 a composite number?
False
Is 33614463277 a composite number?
False
Is 63971185883 composite?
True
Is 47351201 prime?
True
Is 614045507 composite?
True
Is 391984118891 a composite number?
False
Is 682253381 a prime number?
True
Is 18984478169 a prime number?
True
Is 8387707993 comp